{"id":28,"date":"2023-03-31T16:13:26","date_gmt":"2023-03-31T16:13:26","guid":{"rendered":"https:\/\/atratti.coccolebooks.com\/home\/?page_id=28"},"modified":"2023-04-17T14:29:08","modified_gmt":"2023-04-17T14:29:08","slug":"faq-domande-frequenti","status":"publish","type":"page","link":"https:\/\/atratti.coccolebooks.com\/home\/faq-domande-frequenti\/","title":{"rendered":"FAQ &#8211; Domande Frequenti"},"content":{"rendered":"\n<div class=\"wp-block-cover alignfull is-light has-custom-content-position is-position-top-center\" style=\"min-height:804px;aspect-ratio:unset;\"><span aria-hidden=\"true\" class=\"wp-block-cover__background has-base-background-color has-background-dim\"><\/span><img loading=\"lazy\" decoding=\"async\" width=\"1580\" height=\"2184\" class=\"wp-block-cover__image-background wp-image-29\" alt=\"\" src=\"https:\/\/atratti.coccolebooks.com\/home\/wp-content\/uploads\/2023\/03\/sfondo_@tratti_dal_sapore.png\" style=\"object-position:50% 0%\" data-object-fit=\"cover\" data-object-position=\"50% 0%\" srcset=\"https:\/\/atratti.coccolebooks.com\/home\/wp-content\/uploads\/2023\/03\/sfondo_@tratti_dal_sapore.png 1580w, https:\/\/atratti.coccolebooks.com\/home\/wp-content\/uploads\/2023\/03\/sfondo_@tratti_dal_sapore-217x300.png 217w, https:\/\/atratti.coccolebooks.com\/home\/wp-content\/uploads\/2023\/03\/sfondo_@tratti_dal_sapore-741x1024.png 741w, https:\/\/atratti.coccolebooks.com\/home\/wp-content\/uploads\/2023\/03\/sfondo_@tratti_dal_sapore-768x1062.png 768w, https:\/\/atratti.coccolebooks.com\/home\/wp-content\/uploads\/2023\/03\/sfondo_@tratti_dal_sapore-1111x1536.png 1111w, https:\/\/atratti.coccolebooks.com\/home\/wp-content\/uploads\/2023\/03\/sfondo_@tratti_dal_sapore-1482x2048.png 1482w\" sizes=\"auto, (max-width: 1580px) 100vw, 1580px\" \/><div class=\"wp-block-cover__inner-container is-layout-flow wp-block-cover-is-layout-flow\">\n<div class=\"wp-block-group is-layout-constrained wp-block-group-is-layout-constrained\">\n<div class=\"wp-block-group is-layout-constrained wp-block-group-is-layout-constrained\">\n<div class=\"wp-block-group is-layout-constrained wp-block-group-is-layout-constrained\">\n<div class=\"wp-block-columns is-layout-flex wp-container-core-columns-is-layout-28f84493 wp-block-columns-is-layout-flex\">\n<div class=\"wp-block-column is-layout-flow wp-block-column-is-layout-flow\">\n<div class=\"wp-block-group is-layout-constrained wp-block-group-is-layout-constrained\">\n<div style=\"height:40px\" aria-hidden=\"true\" class=\"wp-block-spacer\"><\/div>\n\n\n\n<h1 class=\"wp-block-heading alignfull has-text-align-center has-primary-color has-text-color has-huge-font-size\">FAQ &#8211; Domande Frequenti<\/h1>\n<\/div>\n<\/div>\n<\/div>\n<\/div>\n<\/div>\n\n\n\n<p class=\"has-text-align-center has-medium-font-size\">Qui potrai trovare le risposte alle domande pi\u00f9 richieste.<\/p>\n\n\n\n<div class=\"wp-block-columns is-layout-flex wp-container-core-columns-is-layout-28f84493 wp-block-columns-is-layout-flex\">\n<div class=\"wp-block-column is-layout-flow wp-block-column-is-layout-flow\">\n<div class=\"wp-block-group alignfull has-text-color has-background is-layout-flow wp-block-group-is-layout-flow\" style=\"color:#000000;background-color:#ffffff\">\n<div style=\"height:13px\" aria-hidden=\"true\" class=\"wp-block-spacer\"><\/div>\n\n\n\n<div class=\"wp-block-columns is-layout-flex wp-container-core-columns-is-layout-4a048b8d wp-block-columns-is-layout-flex\">\n<div class=\"wp-block-column is-layout-flow wp-block-column-is-layout-flow\">\n<div class=\"wp-block-group has-secondary-foreground-color has-secondary-background-background-color has-text-color has-background is-layout-flow wp-block-group-is-layout-flow\" style=\"padding-top:35px;padding-right:35px;padding-bottom:35px;padding-left:35px\">\n<blockquote class=\"wp-block-quote is-style-yith-wonder-quote-with-icon has-medium-font-size is-layout-flow wp-block-quote-is-layout-flow\">\n<p>Cosa si intende per proporzioni 10:8?<\/p>\n<cite>Il formato 10:8 \u00e8 semplicemente riferito alla proporzione dell\u2019immagine nel caso si volesse generare un\u2019immagine di dimensioni differenti da quelle fornite per il concorso (sempre maggiori e mai inferiori).<br>Ad esempio usando la proporzione di 10:8 potrei decidere di fare un\u2019illustrazione che abbia 30 centimetri di larghezza x 24 di altezza (3 volte la proporzione base di 10 a 8). Noi consigliamo comunque di usare sempre le il template fornito da noi, con le dimensioni ideali 255&#215;200 mm, scaricabile <strong><a href=\"https:\/\/www.dropbox.com\/s\/on5n5uc8sqd30bl\/Template_concorso_%40tratti_dal_sapore.pdf?dl=0\">QUI<\/a><\/strong>.<\/cite><\/blockquote>\n\n\n\n<div style=\"height:46px\" aria-hidden=\"true\" class=\"wp-block-spacer\"><\/div>\n\n\n\n<div style=\"height:31px\" aria-hidden=\"true\" class=\"wp-block-spacer\"><\/div>\n\n\n\n<div style=\"margin-bottom: -150px\"><\/div>\n<\/div>\n<\/div>\n\n\n\n<div class=\"wp-block-column is-layout-flow wp-block-column-is-layout-flow\">\n<div class=\"wp-block-group has-secondary-foreground-color has-secondary-background-background-color has-text-color has-background is-layout-flow wp-block-group-is-layout-flow\" style=\"padding-top:35px;padding-right:35px;padding-bottom:35px;padding-left:35px\">\n<blockquote class=\"wp-block-quote is-style-yith-wonder-quote-with-icon has-medium-font-size is-layout-flow wp-block-quote-is-layout-flow\">\n<p>Maggiori informazioni sul tema del concorso?<\/p>\n<cite>Il personaggio di Pitagora, famoso filosofo e matematico, \u00e8 un&#8217;importante figura storica che pu\u00f2 essere rappresentata in diversi modi. Come illustratore, hai l&#8217;opportunit\u00e0 di esplorare la sua vita e le sue opere da molteplici prospettive.<br>\u00a0<br>Puoi considerare l&#8217;aspetto storico di Pitagora, studiando la sua vita e le sue imprese, o puoi concentrarti sull&#8217;immagine che i suoi contemporanei avevano di lui. Potresti anche scegliere di rappresentarlo dal punto di vista filosofico e scientifico, esplorando le sue teorie matematiche, come il teorema di Pitagora, o i suoi contributi alla filosofia morale.<br>\u00a0<br>Inoltre, potresti decidere di rappresentare Pitagora in modo astratto, usando simboli o forme geometriche per creare un&#8217;opera d&#8217;arte moderna che richiama la sua scuola filosofica fondata a Crotone, in Calabria (Magna Grecia), nel 500 a.C.<br>\u00a0<br>In ogni caso, \u00e8 importante che tu faccia affidamento sulla tua documentazione, creativit\u00e0 e sensibilit\u00e0 artistica personale per trovare il modo migliore di rappresentare Pitagora. Evita di concentrarti esclusivamente sul concetto di Teorema di Pitagora, ma sii aperto a esplorare tutte le dimensioni del personaggio e della sua influenza nella storia della filosofia e della matematica.<\/cite><\/blockquote>\n\n\n\n<div style=\"height:46px\" aria-hidden=\"true\" class=\"wp-block-spacer\"><\/div>\n\n\n\n<div style=\"height:31px\" aria-hidden=\"true\" class=\"wp-block-spacer\"><\/div>\n\n\n\n<div style=\"margin-bottom: -150px\"><\/div>\n<\/div>\n\n\n\n<div style=\"height:100px\" aria-hidden=\"true\" class=\"wp-block-spacer\"><\/div>\n<\/div>\n\n\n\n<div class=\"wp-block-column is-layout-flow wp-block-column-is-layout-flow\">\n<div style=\"height:100px\" aria-hidden=\"true\" class=\"wp-block-spacer\"><\/div>\n<\/div>\n<\/div>\n\n\n\n<div style=\"height:100px\" aria-hidden=\"true\" class=\"wp-block-spacer\"><\/div>\n\n\n\n<p class=\"has-text-align-center has-small-font-size\" style=\"line-height:.9\"><strong>Non hai trovato la risposta che cercavi?<\/strong><\/p>\n\n\n\n<div class=\"wp-block-buttons is-horizontal is-content-justification-center is-layout-flex wp-container-core-buttons-is-layout-03627597 wp-block-buttons-is-layout-flex\">\n<div class=\"wp-block-button has-custom-width wp-block-button__width-25\"><a class=\"wp-block-button__link has-text-color has-background wp-element-button\" href=\"mailto:atratti@coccolebooks.com\" style=\"border-radius:50px;color:#ffffff;background-color:#000000\">Contattaci<\/a><\/div>\n<\/div>\n\n\n\n<div style=\"height:64px\" aria-hidden=\"true\" class=\"wp-block-spacer\"><\/div>\n<\/div>\n<\/div>\n<\/div>\n<\/div>\n<\/div><\/div>\n","protected":false},"excerpt":{"rendered":"","protected":false},"author":1,"featured_media":0,"parent":0,"menu_order":3,"comment_status":"closed","ping_status":"closed","template":"","meta":{"footnotes":""},"class_list":["post-28","page","type-page","status-publish","hentry"],"_links":{"self":[{"href":"https:\/\/atratti.coccolebooks.com\/home\/wp-json\/wp\/v2\/pages\/28","targetHints":{"allow":["GET"]}}],"collection":[{"href":"https:\/\/atratti.coccolebooks.com\/home\/wp-json\/wp\/v2\/pages"}],"about":[{"href":"https:\/\/atratti.coccolebooks.com\/home\/wp-json\/wp\/v2\/types\/page"}],"author":[{"embeddable":true,"href":"https:\/\/atratti.coccolebooks.com\/home\/wp-json\/wp\/v2\/users\/1"}],"replies":[{"embeddable":true,"href":"https:\/\/atratti.coccolebooks.com\/home\/wp-json\/wp\/v2\/comments?post=28"}],"version-history":[{"count":14,"href":"https:\/\/atratti.coccolebooks.com\/home\/wp-json\/wp\/v2\/pages\/28\/revisions"}],"predecessor-version":[{"id":219,"href":"https:\/\/atratti.coccolebooks.com\/home\/wp-json\/wp\/v2\/pages\/28\/revisions\/219"}],"wp:attachment":[{"href":"https:\/\/atratti.coccolebooks.com\/home\/wp-json\/wp\/v2\/media?parent=28"}],"curies":[{"name":"wp","href":"https:\/\/api.w.org\/{rel}","templated":true}]}}